 = 500*t + 430. What is i(-1)?
-70
Let b(n) = -n**2 - 16*n + 280. Calculate b(17).
-281
Let t(i) = -i**2 - 64*i + 386. Determine t(-70).
-34
Let a(y) = y**3 - 15*y**2 + 27*y - 5. Give a(12).
-113
Let p(o) = 4*o**3 + 31*o**2 + 42*o + 149. Give p(-7).
2
Let y(l) = 41*l**2 - 651*l + 17. What is y(16)?
97
Let b(s) = 22*s**2 - 162*s + 333. What is b(2)?
97
Let j(l) = 56*l - 489. Give j(9).
15
Let r(o) = -o**3 - 6*o**2 + 33*o - 72. Determine r(-10).
-2
Let j(d) = -110*d - 7492. Calculate j(-68).
-12
Let w(r) = -r**3 + 70*r**2 - 65*r - 245. What is w(69)?
31
Let o(a) = -a - 35. What is o(-48)?
13
Let i(a) = -a**3 - 63*a**2 + 117*a - 301. What is i(-65)?
544
Let g(j) = -j**3 - 5*j**2 + 4153*j - 41. Calculate g(62).
-103
Let v(j) = j**3 - 17*j**2 + 19*j + 177. Give v(15).
12
Let r(g) = 166*g + 9256. Calculate r(-56).
-40
Let x(t) = 448*t - 8056. Give x(18).
8
Let w(r) = 42*r**2 - 1596*r + 2. Calculate w(38).
2
Let c(d) = -8*d**2 - 23*d + 11. What is c(-3)?
8
Let h(m) = 3*m**2 - 95*m - 681. What is h(-6)?
-3
Let f(q) = -3*q**3 - 9*q**2 - 34*q - 64. Determine f(-2).
-8
Let c(g) = -76*g - 120. Calculate c(-2).
32
Let d(k) = -2*k**3 - 10*k**2 + 181*k + 882. Calculate d(-5).
-23
Let n(j) = -44*j**3 + 508*j**2 - 507*j - 2. Calculate n(1).
-45
Let h(b) = -245*b + 473. Give h(2).
-17
Let r(v) = -117*v + 1871. What is r(16)?
-1
Let u(z) = -3*z**3 - 5*z**2 - 8*z - 39. Determine u(-3).
21
Let g(t) = t**2 + 9*t - 63. Calculate g(-25).
337
Let c(p) = 2*p**3 + 313*p**2 + 132*p - 3752. Calculate c(-156).
-8
Let f(r) = r**3 + 125*r**2 - 32*r - 4139. Calculate f(-125).
-139
Let g(x) = 21*x - 190. What is g(5)?
-85
Let t(v) = 23*v + 1214. What is t(-53)?
-5
Let s(y) = 467*y - 442. What is s(1)?
25
Let c(j) = -177*j - 4105. What is c(-23)?
-34
Let k(n) = 8*n**3 - 61*n**2 + 33*n - 418. What is k(8)?
38
Let c(u) = 107*u - 1004. Give c(10).
66
Let h(c) = -c**3 + 15*c**2 + 2*c - 23. Determine h(15).
7
Let g(w) = w**3 + 28*w**2 - 64*w - 105. Give g(-30).
15
Let u(b) = 94*b + 1942. What is u(-10)?
1002
Let i(d) = 30*d - 26. Give i(-9).
-296
Let b(s) = s**3 + 4*s**2 - 8*s - 3. Give b(-5).
12
Let g(u) = u**3 - 37*u**2 + 162*u - 51. Calculate g(32).
13
Let d(l) = -13*l - 616. Determine d(-44).
-44
Let t(g) = 728*g + 2249. Calculate t(-3).
65
Let i(l) = -262*l - 5494. Determine i(-21).
8
Let o(q) = -30*q**3 + q**2 + 34*q + 32. Calculate o(-1).
29
Let i(a) = a**2 - 1738*a + 81124. Determine i(48).
4
Let w(g) = 103*g + 27. Give w(4).
439
Let k(o) = -98*o - 7322. Determine k(-75).
28
Let k(f) = 43*f**2 - 605*f + 19. What is k(14)?
-23
Let h(t) = 107*t - 2233. What is h(21)?
14
Let c(h) = -6*h**2 + 817*h - 141. What is c(136)?
-5
Let o(y) = 5107*y + 45965. Determine o(-9).
2
Let a(r) = r**3 - 55*r**2 + 21*r + 1800. What is a(54)?
18
Let y(m) = -3*m**3 - 21*m**2 + 14*m - 20. Determine y(-9).
340
Let h(c) = 225*c - 1401. Calculate h(6).
-51
Let n(m) = -m**2 - 79*m - 1130. Give n(-20).
50
Let v(h) = -2*h**2 + 130*h - 834. Give v(55).
266
Let p(g) = 118*g**2 + 1767*g + 10. Determine p(-15).
55
Let i(n) = 2*n**3 + 50*n**2 - 214*n - 19. Determine i(-29).
-541
Let s(n) = -16*n - 197. What is s(-13)?
11
Let l(c) = c**3 + 7*c**2 - 1102*c - 8736. What is l(-8)?
16
Let y(h) = 5*h - 1. What is y(-4)?
-21
Let l(p) = -65*p + 889. Determine l(9).
304
Let b(p) = -65*p + 337. Calculate b(6).
-53
Let s(g) = 23*g - 463. What is s(15)?
-118
Let d(n) = -2*n**3 + 137*n**2 - 64*n - 127. Determine d(68).
145
Let a(x) = -95*x - 206. Calculate a(-5).
269
Let y(d) = -4*d**2 - 79*d + 13. Calculate y(-19).
70
Let m(p) = 36*p - 596. Calculate m(17).
16
Let a(c) = -2*c**3 - 17*c**2 - 9*c - 23. What is a(-8)?
-15
Let p(i) = i**2 + 1154*i - 9298. Calculate p(8).
-2
Let o(f) = 75*f + 3833. Determine o(-50).
83
Let o(y) = -2*y**2 - 102*y + 1685. Calculate o(13).
21
Let t(o) = -o**2 - 66*o - 1006. Calculate t(-42).
2
Let w(j) = 25*j - 458. Determine w(16).
-58
Let n(u) = 93*u + 69. Give n(1).
162
Let n(h) = -300*h - 8421. Give n(-28).
-21
Let h(r) = -176*r - 882. What is h(-5)?
-2
Let y(x) = x**2 + 64*x + 216. Give y(-57).
-183
Let o(c) = 37*c - 361. What is o(11)?
46
Let d(k) = k**2 + 28*k + 48. Calculate d(-25).
-27
Let m(d) = -44*d**2 + 511*d + 203. What is m(12)?
-1
Let g(i) = 2*i**2 + 1389*i - 15523. What is g(11)?
-2
Let o(j) = -29*j + 78. Calculate o(-2).
136
Let v(f) = -373*f + 5960. Give v(16).
-8
Let s(r) = -r**2 - 28*r - 169. What is s(-11)?
18
Let t(h) = -380*h + 1903. Determine t(5).
3
Let b(g) = 18*g**2 + 53*g - 26. Give b(-6).
304
Let p(n) = -2*n**2 + 89*n + 191. What is p(46)?
53
Let n(u) = -15*u**2 - 7*u + 10. Calculate n(3).
-146
Let h(a) = 367*a - 130663. Give h(356).
-11
Let c(j) = 156*j - 86. Determine c(0).
-86
Let o(r) = -160*r - 1699. Calculate o(-11).
61
Let f(g) = 506*g + 61736. Give f(-122).
4
Let n(j) = 4*j**3 - 26*j**2 - 41*j - 65. Give n(8).
-9
Let q(a) = -258*a + 2581. Determine q(10).
1
Let d(y) = -4*y**2 - 9*y - 45. Determine d(0).
-45
Let b(u) = -u**3 + 4*u**2 + 6*u - 11. What is b(0)?
-11
Let j(p) = 5*p**3 - 68*p**2 - 62*p + 16. Give j(14).
-460
Let z(i) = i**3 + 57*i**2 - 62*i - 251. Give z(-58).
-19
Let o(a) = -3*a**2 + 38*a - 40. Calculate o(18).
-328
Let g(f) = -5*f**2 + 4*f - 27. Give g(5).
-132
Let q(m) = -12*m**2 - 92*m - 152. Give q(-4).
24
Let f(p) = -13*p - 236. What is f(-24)?
76
Let j(v) = -5*v**3 - 112*v**2 - 28*v + 347. Determine j(-22).
-5
Let a(y) = y**2 - 136*y + 904. Give a(7).
1
Let t(y) = -82*y**2 + 80*y - 3. Give t(1).
-5
Let s(m) = -m**2 - 69*m + 1361. Calculate s(-85).
1
Let i(n) = -187*n - 5610. Calculate i(-30).
0
Let b(o) = -32*o**3 + 641*o**2 - 23*o + 60. What is b(20)?
0
Let z(y) = 67*y - 336. Determine z(3).
-135
Let r(l) = -13*l**3 + 98*l**2 + 5*l + 12. Calculate r(7).
390
Let i(l) = -l**3 + 83*l**2 - 162*l - 4. What is i(81)?
-4
Let m(l) = 33*l**2 - 3*l - 5. Calculate m(2).
121
Let m(x) = 79*x + 73. Give m(-1).
-6
Let l(f) = 2*f**3 - 323*f**2 - 174*f + 1948. What is l(162)?
4
Let d(q) = 12*q - 140. What is d(-3)?
-176
Let n(b) = -17828*b + 53487. Give n(3).
3
Let f(y) = 3*y**3 + 53*y**2 + 563*y + 8999. What is f(-17)?
6
Let l(f) = f**3 - 13*f**2 - 6*f - 105. Give l(14).
7
Let r(l) = 137*l - 6153. Determine r(45).
12
Let h(r) = r**2 - 185*r - 29264. Give h(287).
10
Let v(h) = -416*h - 1227. What is v(-4)?
437
Let o(d) = d**2 - 77*d - 8040. Calculate o(-59).
-16
Let j(k) = -30*k - 211. What is j(-7)?
-1
Let r(s) = -s**2 + 8*s + 156. Calculate r(-10).
-24
Let g(m) = -m**2 - 14*m + 127. Determine g(-18).
55
Let q(o) = 5*o**2 + 3*o - 2. Give q(-2).
12
Let k(v) = 7912*v + 47495. What is k(-6)?
23
Let j(v) = 5496*v + 351741. Give j(-64).
-3
Let l(o) = -11*o**2 - 419*o - 32. Calculate l(-38).
6
Let y(o) = o**3 - 10*o**2 - 73*o - 19. Give y(15).
11
Let h(w) = -777*w - 41163. Calculate h(-53).
18
Let z(p) = -1209*p + 35066. Give z(29).
5
Let d(t) = 22*t**2 - 531*t - 467. Calculate d(25).
8
Let k(a) = -6*a**3 + 33*a**2 - a - 12. What is k(5)?
58
Let z(v) = 3*v**2 - 72*v - 1918. Give z(40).
2
Let r(k) = -2*k**3 - 12*k**2 + 61*k + 63. Determine r(-9).
0
Let x(z) = -z**2 + 12*z - 78. What is x(5)?
-43
Let i(g) = -10*g**2 + 68*g + 55. Calculate i(8).
-41
Let w(p) = 8*p**2 + 123*p - 25. Give w(-14).
-179
Let r(n) = n**3 + 6*n**2 + 29*n - 37. Give r(-4).
-121
Let k(p) = -p**3 + 35*p**2 - 66*p - 72. Determine k(33).
-72
Let i(u) = -2*u - 125. Give i(55).
-235
Let s(c) = -c**3 + 48*c**2 - 139*c + 184. Determine s(45).
4
Let l(n) = 5*n**3 - 78*n**2 + 171*n - 28. Calculate l(13).
-2
Let h(t) = -48*t + 186. Calculate h(8).
-198
Let l(g) = -100*g + 192. Calculate l(2).
-8
Let j(w) = 9*w**3 - 15*w + 27. Give j(4).
543
Let r(u) = -4*u**2 - 933*u + 2833. What is r(3)?
-2
Let r(q) = -q**2 + 21*q + 66. Calculate r(23).
20
Let w(y) = 136*y - 12645. Determine w(93).
3
Let s(j) = -469*j + 461. What is s(1)?
-8
Let a(k) = 16*k**2 - 2*k - 4. Give a(-2).
64
Let f(k) = -2*k**3 + 31*k**2 - 38*k + 2. Give f(14).
58
Let o(d) = -2879*d - 8623. Determine o(-3).
14
Let s(r) = -3*r**2 - 130*r + 969. Calculate s(-50).
-31
Let m(z) = 2*z**3 - 73*z**2 + 49*z - 473. Determine m(36).
-5
Let m(j) = 9*j + 267. Determine m(-28).
15
Let w(d) = -d**2 - 16*d - 6. Determine w(-13).
33
Let s(b) = -8*b**2 + 5*b + 15. Give s(-4).
-133
Let l(h) = h**3 + 44*h**2 - 4*h - 194. Give l(-44).
-18
Let j(m) = 2*m -